tor of 511871 and 6988?
1747
Calculate the greatest common factor of 5322807 and 189.
189
Calculate the highest common factor of 18144 and 13482.
126
Calculate the highest common divisor of 62720 and 13132.
196
Calculate the greatest common factor of 3168273 and 4964.
1241
What is the greatest common factor of 451 and 2009?
41
What is the highest common divisor of 192 and 309?
3
Calculate the highest common factor of 50 and 89850.
50
What is the greatest common factor of 20 and 90004?
4
What is the greatest common factor of 281668 and 2278?
134
Calculate the greatest common divisor of 133 and 61418.
7
What is the highest common factor of 132423 and 111?
111
Calculate the greatest common divisor of 560 and 4156880.
560
Calculate the highest common divisor of 13976 and 32.
8
What is the greatest common divisor of 6717780 and 45?
45
Calculate the highest common factor of 21870 and 39690.
810
Calculate the greatest common divisor of 60 and 24620.
20
Calculate the greatest common divisor of 140098 and 476.
14
Calculate the highest common divisor of 29286 and 36.
18
What is the highest common divisor of 109 and 382699?
109
What is the highest common divisor of 75062 and 130?
26
Calculate the greatest common factor of 80 and 307760.
80
What is the highest common divisor of 51393 and 137511?
1389
What is the greatest common divisor of 175321 and 17?
17
Calculate the greatest common divisor of 26966 and 278.
278
What is the highest common factor of 4862 and 33?
11
What is the highest common factor of 115 and 550390?
115
Calculate the greatest common factor of 63 and 145116.
9
Calculate the greatest common factor of 110 and 1856690.
110
What is the highest common divisor of 77 and 29071?
7
What is the greatest common factor of 99036 and 27?
27
What is the highest common divisor of 6 and 758?
2
Calculate the highest common divisor of 70 and 407918.
14
What is the greatest common factor of 23980 and 59405?
545
What is the highest common divisor of 15230 and 120?
10
Calculate the highest common divisor of 360 and 239265.
45
Calculate the highest common factor of 6724 and 828.
4
Calculate the greatest common factor of 64 and 1396320.
32
Calculate the greatest common factor of 56682 and 564.
282
Calculate the highest common divisor of 437480 and 160.
40
What is the greatest common factor of 1363 and 36284?
47
What is the highest common factor of 110710 and 20?
10
What is the greatest common factor of 10452 and 389136?
804
Calculate the greatest common divisor of 16575 and 183651.
663
Calculate the greatest common factor of 434256 and 3924.
1308
What is the greatest common divisor of 2814 and 9782?
134
What is the greatest common factor of 432 and 585360?
432
Calculate the highest common factor of 59 and 1831.
1
Calculate the greatest common divisor of 720 and 1090368.
144
What is the highest common divisor of 31872 and 852?
12
What is the highest common factor of 116 and 312388?
116
What is the highest common factor of 1394 and 1968?
82
What is the highest common divisor of 1110 and 1482405?
555
Calculate the highest common factor of 168 and 137424.
168
What is the highest common divisor of 46799 and 1855?
53
Calculate the highest common divisor of 79876 and 342.
38
What is the greatest common divisor of 7799 and 121?
11
Calculate the highest common divisor of 39141 and 39.
3
Calculate the greatest common factor of 138 and 256404.
138
What is the greatest common factor of 119791 and 14?
7
What is the greatest common factor of 40635 and 420?
105
What is the greatest common factor of 30688 and 219611?
959
Calculate the greatest common factor of 25 and 139900.
25
Calculate the highest common factor of 26508 and 7428.
12
What is the highest common factor of 985008 and 16?
16
Calculate the highest common divisor of 11 and 8229.
1
What is the highest common divisor of 339717 and 84?
21
What is the highest common divisor of 6524 and 9184?
28
What is the greatest common factor of 1995 and 1230?
15
Calculate the greatest common divisor of 14 and 80038.
14
What is the greatest common divisor of 1127 and 43079?
23
Calculate the greatest common divisor of 10082145 and 15.
15
Calculate the highest common divisor of 7560 and 21160.
40
Calculate the highest common factor of 2295 and 969.
51
Calculate the highest common factor of 97669 and 4098.
683
What is the highest common divisor of 112 and 20006?
14
What is the greatest common divisor of 302 and 47414?
302
Calculate the greatest common divisor of 20040 and 72.
24
Calculate the highest common factor of 101748 and 2224.
556
Calculate the highest common factor of 224 and 616672.
224
Calculate the highest common factor of 16970 and 390.
10
What is the greatest common divisor of 279067 and 116?
29
What is the highest common divisor of 75 and 601450?
25
Calculate the greatest common factor of 4789703 and 431.
431
What is the greatest common factor of 44 and 164527?
11
Calculate the highest common factor of 91 and 8540.
7
Calculate the highest common factor of 15528 and 1968.
24
Calculate the greatest common divisor of 40090 and 1899.
211
What is the greatest common divisor of 129 and 219?
3
Calculate the highest common divisor of 554 and 18.
2
What is the greatest common divisor of 40373 and 517?
47
Calculate the greatest common factor of 9937 and 10051.
19
Calculate the greatest common divisor of 475 and 470725.
475
What is the highest common factor of 656803 and 2121?
707
What is the highest common factor of 31 and 2929717?
31
What is the highest common divisor of 46130 and 1120?
70
What is the highest common divisor of 104 and 273?
13
Calculate the greatest common divisor of 13549860 and 5.
5
Calculate the greatest common divisor of 855 and 15865.
95
Calculate the greatest common divisor of 274898 and 51701.
1261
What is the greatest common divisor of 407 and 9287?
37
What is the highest common divisor of 2058 and 303702?
294
What is the highest common divisor of 3775 and 297470?
755
What is the greatest common factor of 1200 and 15264?
48
Calculate the highest common divisor of 2120 and 262560.
40
Calculate the highest common divisor of 60555 and 231.
33
What is the greatest common factor of 219402 and 17?
17
Calculate the highest common factor of 517 and 3110789.
517
What is the greatest common divisor of 603 and 8509?
67
Calculate the highest common factor of 31101 and 42.
21
What is the highest common factor of 975 and 2886?
39
What is the highest common factor of 163930 and 8730?
970
Calculate the highest common divisor of 264 and 231.
33
Calculate the greatest common divisor of 157791 and 1788.
447
Calculate the highest common divisor of 266655 and 45.
15
What is the highest common factor of 44088 and 528?
264
Calculate the greatest common divisor of 176352 and 22.
22
Calculate the highest common factor of 77 and 40271.
77
Calculate the highest common divisor of 334 and 854706.
334
What is the greatest common factor of 6318 and 76414?
26
What is the greatest common factor of 50 and 668380?
10
Calculate the highest common divisor of 3874 and 427332.
298
Calculate the greatest common factor of 104 and 260572.
52
What is the greatest common divisor of 17 and 295?
1
What is the highest common divisor of 211 and 11800597?
211
Calculate the highest common factor of 16 and 1808.
16
Calculate the highest common factor of 31 and 673.
1
Calculate the greatest common factor of 356575 and 850.
425
Calculate the greatest common divisor of 112 and 16646.
14
What is the highest common divisor of 76 and 253764?
76
Calculate the greatest common divisor of 2319 and 3.
3
What is the highest common divisor of 261 and 377319?
87
Calculate the highest common divisor of 4062 and 1655942.
1354
What is the greatest common factor of 16643 and 65504?
89
What is the highest common divisor of 642 and 4725?
3
Calculate the greatest common divisor of 2442 and 92631.
33
What is the highest common divisor of 99 and 66231?
99
Calculate the greatest common divisor of 135 and 373740.
15
What is the highest common factor of 206 and 1648?
206
Calculate the greatest common divisor of 1133 and 55.
11
What is the highest common divisor of 33 and 924913?
11
Calculate the highest common factor of 373167 and 34.
17
Calculate the greatest common divisor o